{"id":6804,"date":"2015-03-27T19:37:18","date_gmt":"2015-03-27T18:37:18","guid":{"rendered":"http:\/\/nmf.nu\/museum\/?post_type=product&#038;p=6804"},"modified":"2019-02-10T15:13:10","modified_gmt":"2019-02-10T14:13:10","slug":"boltlas-stotlasnokkel-2","status":"publish","type":"product","link":"https:\/\/nmf.nu\/museum\/funn\/gjenstander\/gjenstander-for-1537\/boltlas-stotlasnokkel-2\/","title":{"rendered":"Boltl\u00e5s &#8211; st\u00f8tl\u00e5sn\u00f8kkel"},"content":{"rendered":"<p>N\u00f8kkelen til et skrin, en\u00a0\u00a0-Boltl\u00e5sn\u00f8kkel med todelt likearmet vinkelformet skj\u00e6r-<br \/>\n-som en slags st\u00f8tl\u00e5sn\u00f8kkel til en type boltl\u00e5s montert p\u00e5 innsiden av et skrin,<br \/>\nmen n\u00f8kkelen trykkes ikke innover, &#8211; men den f\u00f8res inn i n\u00f8kkelhullet &#8211; for s\u00e5 \u00e5 bli skj\u00f8vet eller trukket sideveis.<br \/>\nSkrinet vil ha hatt en lite spalte som n\u00f8kkelhull, hvor n\u00f8kkelen stikkes inn, og trekkes s\u00e5 bortover i en langsg\u00e5ende spalte,<br \/>\ntil den fj\u00e6rspente l\u00e5sen \u00e5pner seg, -og skrinet kan dermed lukkes opp.<\/p>\n<p>Slike skrin og l\u00e5ser ble brukt i vikingtid og middelalder, -se ogs\u00e5 relikvieskrin.<br \/>\n&#8211;<br \/>\nN\u00f8kkelen vil v\u00e6re ca 37-40 mm lang,<br \/>\nden store del med de 4 \u00e5pne hull vil v\u00e6re dens skaft,<br \/>\nmens selve n\u00f8kkelskj\u00e6ret er de to tapper som stikker ut i den venstre ende, &#8211; slik vi ser den p\u00e5 bilde.<br \/>\nDet kan dog v\u00e6re at n\u00f8kkelen mangler noen sm\u00e5 forvitrede deler i endene av skaftet og skj\u00e6ret.<br \/>\n&#8211;<br \/>\nFunnet ble gjort ved Aggersborg, &#8211; Danmarks st\u00f8rste ringborg, et festningsverk i fra sen vikingtid, -under det store detektortreffet Thyrally 2011.<br \/>\n&#8211;<\/p>\n","protected":false},"excerpt":{"rendered":"<p>N\u00f8kkelen til et skrin, en\u00a0\u00a0-Boltl\u00e5sn\u00f8kkel med todelt likearmet vinkelformet skj\u00e6r- -som en slags st\u00f8tl\u00e5sn\u00f8kkel til en type boltl\u00e5s montert p\u00e5 innsiden av et skrin, men n\u00f8kkelen trykkes ikke innover, &#8211; men den f\u00f8res inn i n\u00f8kkelhullet &#8211; for s\u00e5 \u00e5 bli skj\u00f8vet eller trukket sideveis. Skrinet vil ha hatt en lite spalte som n\u00f8kkelhull, hvor [&hellip;]<\/p>\n","protected":false},"featured_media":6846,"comment_status":"open","ping_status":"closed","template":"","meta":{"_acf_changed":false,"_et_pb_use_builder":"","_et_pb_old_content":"","_et_gb_content_width":""},"product_brand":[],"product_cat":[56,95,13,15,148,32,147],"product_tag":[],"class_list":{"0":"post-6804","1":"product","2":"type-product","3":"status-publish","4":"has-post-thumbnail","6":"product_cat-alle-gjenstander","7":"product_cat-funnet-utenfor-norge","8":"product_cat-gjenstander","9":"product_cat-gjenstander-for-1537","10":"product_cat-nokler-og-laser","11":"product_cat-vikingtid-793-1066","12":"product_cat-yngre-jernalder-550-1066","14":"first","15":"instock","16":"shipping-taxable","17":"product-type-simple"},"acf":[],"yoast_head":"<!-- This site is optimized with the Yoast SEO plugin v27.4 - https:\/\/yoast.com\/product\/yoast-seo-wordpress\/ -->\n<title>Boltl\u00e5s - st\u00f8tl\u00e5sn\u00f8kkel - Norges Metalls\u00f8kerforening | Museum<\/title>\n<meta name=\"robots\" content=\"index, follow, max-snippet:-1, max-image-preview:large, max-video-preview:-1\" \/>\n<link rel=\"canonical\" href=\"https:\/\/nmf.nu\/museum\/funn\/gjenstander\/gjenstander-for-1537\/boltlas-stotlasnokkel-2\/\" \/>\n<meta property=\"og:locale\" content=\"nb_NO\" \/>\n<meta property=\"og:type\" content=\"article\" \/>\n<meta property=\"og:title\" content=\"Boltl\u00e5s - st\u00f8tl\u00e5sn\u00f8kkel - Norges Metalls\u00f8kerforening | Museum\" \/>\n<meta property=\"og:description\" content=\"N\u00f8kkelen til et skrin, en\u00a0\u00a0-Boltl\u00e5sn\u00f8kkel med todelt likearmet vinkelformet skj\u00e6r- -som en slags st\u00f8tl\u00e5sn\u00f8kkel til en type boltl\u00e5s montert p\u00e5 innsiden av et skrin, men n\u00f8kkelen trykkes ikke innover, &#8211; men den f\u00f8res inn i n\u00f8kkelhullet &#8211; for s\u00e5 \u00e5 bli skj\u00f8vet eller trukket sideveis. Skrinet vil ha hatt en lite spalte som n\u00f8kkelhull, hvor [&hellip;]\" \/>\n<meta property=\"og:url\" content=\"https:\/\/nmf.nu\/museum\/funn\/gjenstander\/gjenstander-for-1537\/boltlas-stotlasnokkel-2\/\" \/>\n<meta property=\"og:site_name\" content=\"Norges Metalls\u00f8kerforening | Museum\" \/>\n<meta property=\"article:publisher\" content=\"https:\/\/www.facebook.com\/groups\/480204098827134\/\" \/>\n<meta property=\"article:modified_time\" content=\"2019-02-10T14:13:10+00:00\" \/>\n<meta property=\"og:image\" content=\"https:\/\/nmf.nu\/museum\/wp-content\/uploads\/2015\/03\/N\u00f8kkel-vikingtid2.jpg\" \/>\n\t<meta property=\"og:image:width\" content=\"632\" \/>\n\t<meta property=\"og:image:height\" content=\"631\" \/>\n\t<meta property=\"og:image:type\" content=\"image\/jpeg\" \/>\n<meta name=\"twitter:card\" content=\"summary_large_image\" \/>\n<meta name=\"twitter:label1\" content=\"Ansl. lesetid\" \/>\n\t<meta name=\"twitter:data1\" content=\"1 minutt\" \/>\n<script type=\"application\/ld+json\" class=\"yoast-schema-graph\">{\"@context\":\"https:\\\/\\\/schema.org\",\"@graph\":[{\"@type\":\"WebPage\",\"@id\":\"https:\\\/\\\/nmf.nu\\\/museum\\\/funn\\\/gjenstander\\\/gjenstander-for-1537\\\/boltlas-stotlasnokkel-2\\\/\",\"url\":\"https:\\\/\\\/nmf.nu\\\/museum\\\/funn\\\/gjenstander\\\/gjenstander-for-1537\\\/boltlas-stotlasnokkel-2\\\/\",\"name\":\"Boltl\u00e5s - st\u00f8tl\u00e5sn\u00f8kkel - Norges Metalls\u00f8kerforening | Museum\",\"isPartOf\":{\"@id\":\"https:\\\/\\\/nmf.nu\\\/museum\\\/#website\"},\"primaryImageOfPage\":{\"@id\":\"https:\\\/\\\/nmf.nu\\\/museum\\\/funn\\\/gjenstander\\\/gjenstander-for-1537\\\/boltlas-stotlasnokkel-2\\\/#primaryimage\"},\"image\":{\"@id\":\"https:\\\/\\\/nmf.nu\\\/museum\\\/funn\\\/gjenstander\\\/gjenstander-for-1537\\\/boltlas-stotlasnokkel-2\\\/#primaryimage\"},\"thumbnailUrl\":\"https:\\\/\\\/nmf.nu\\\/museum\\\/wp-content\\\/uploads\\\/2015\\\/03\\\/N\u00f8kkel-vikingtid2.jpg\",\"datePublished\":\"2015-03-27T18:37:18+00:00\",\"dateModified\":\"2019-02-10T14:13:10+00:00\",\"breadcrumb\":{\"@id\":\"https:\\\/\\\/nmf.nu\\\/museum\\\/funn\\\/gjenstander\\\/gjenstander-for-1537\\\/boltlas-stotlasnokkel-2\\\/#breadcrumb\"},\"inLanguage\":\"nb-NO\",\"potentialAction\":[{\"@type\":\"ReadAction\",\"target\":[\"https:\\\/\\\/nmf.nu\\\/museum\\\/funn\\\/gjenstander\\\/gjenstander-for-1537\\\/boltlas-stotlasnokkel-2\\\/\"]}]},{\"@type\":\"ImageObject\",\"inLanguage\":\"nb-NO\",\"@id\":\"https:\\\/\\\/nmf.nu\\\/museum\\\/funn\\\/gjenstander\\\/gjenstander-for-1537\\\/boltlas-stotlasnokkel-2\\\/#primaryimage\",\"url\":\"https:\\\/\\\/nmf.nu\\\/museum\\\/wp-content\\\/uploads\\\/2015\\\/03\\\/N\u00f8kkel-vikingtid2.jpg\",\"contentUrl\":\"https:\\\/\\\/nmf.nu\\\/museum\\\/wp-content\\\/uploads\\\/2015\\\/03\\\/N\u00f8kkel-vikingtid2.jpg\",\"width\":632,\"height\":631,\"caption\":\"vikingtid\"},{\"@type\":\"BreadcrumbList\",\"@id\":\"https:\\\/\\\/nmf.nu\\\/museum\\\/funn\\\/gjenstander\\\/gjenstander-for-1537\\\/boltlas-stotlasnokkel-2\\\/#breadcrumb\",\"itemListElement\":[{\"@type\":\"ListItem\",\"position\":1,\"name\":\"Hjem\",\"item\":\"https:\\\/\\\/nmf.nu\\\/museum\\\/\"},{\"@type\":\"ListItem\",\"position\":2,\"name\":\"Funn\",\"item\":\"https:\\\/\\\/nmf.nu\\\/museum\\\/shop\\\/\"},{\"@type\":\"ListItem\",\"position\":3,\"name\":\"Boltl\u00e5s &#8211; st\u00f8tl\u00e5sn\u00f8kkel\"}]},{\"@type\":\"WebSite\",\"@id\":\"https:\\\/\\\/nmf.nu\\\/museum\\\/#website\",\"url\":\"https:\\\/\\\/nmf.nu\\\/museum\\\/\",\"name\":\"Norges Metalls\u00f8kerforening | Museum\",\"description\":\"Kulturvern med metalls\u00f8ker\",\"potentialAction\":[{\"@type\":\"SearchAction\",\"target\":{\"@type\":\"EntryPoint\",\"urlTemplate\":\"https:\\\/\\\/nmf.nu\\\/museum\\\/?s={search_term_string}\"},\"query-input\":{\"@type\":\"PropertyValueSpecification\",\"valueRequired\":true,\"valueName\":\"search_term_string\"}}],\"inLanguage\":\"nb-NO\"}]}<\/script>\n<!-- \/ Yoast SEO plugin. -->","yoast_head_json":{"title":"Boltl\u00e5s - st\u00f8tl\u00e5sn\u00f8kkel - Norges Metalls\u00f8kerforening | Museum","robots":{"index":"index","follow":"follow","max-snippet":"max-snippet:-1","max-image-preview":"max-image-preview:large","max-video-preview":"max-video-preview:-1"},"canonical":"https:\/\/nmf.nu\/museum\/funn\/gjenstander\/gjenstander-for-1537\/boltlas-stotlasnokkel-2\/","og_locale":"nb_NO","og_type":"article","og_title":"Boltl\u00e5s - st\u00f8tl\u00e5sn\u00f8kkel - Norges Metalls\u00f8kerforening | Museum","og_description":"N\u00f8kkelen til et skrin, en\u00a0\u00a0-Boltl\u00e5sn\u00f8kkel med todelt likearmet vinkelformet skj\u00e6r- -som en slags st\u00f8tl\u00e5sn\u00f8kkel til en type boltl\u00e5s montert p\u00e5 innsiden av et skrin, men n\u00f8kkelen trykkes ikke innover, &#8211; men den f\u00f8res inn i n\u00f8kkelhullet &#8211; for s\u00e5 \u00e5 bli skj\u00f8vet eller trukket sideveis. Skrinet vil ha hatt en lite spalte som n\u00f8kkelhull, hvor [&hellip;]","og_url":"https:\/\/nmf.nu\/museum\/funn\/gjenstander\/gjenstander-for-1537\/boltlas-stotlasnokkel-2\/","og_site_name":"Norges Metalls\u00f8kerforening | Museum","article_publisher":"https:\/\/www.facebook.com\/groups\/480204098827134\/","article_modified_time":"2019-02-10T14:13:10+00:00","og_image":[{"width":632,"height":631,"url":"https:\/\/nmf.nu\/museum\/wp-content\/uploads\/2015\/03\/N\u00f8kkel-vikingtid2.jpg","type":"image\/jpeg"}],"twitter_card":"summary_large_image","twitter_misc":{"Ansl. lesetid":"1 minutt"},"schema":{"@context":"https:\/\/schema.org","@graph":[{"@type":"WebPage","@id":"https:\/\/nmf.nu\/museum\/funn\/gjenstander\/gjenstander-for-1537\/boltlas-stotlasnokkel-2\/","url":"https:\/\/nmf.nu\/museum\/funn\/gjenstander\/gjenstander-for-1537\/boltlas-stotlasnokkel-2\/","name":"Boltl\u00e5s - st\u00f8tl\u00e5sn\u00f8kkel - Norges Metalls\u00f8kerforening | Museum","isPartOf":{"@id":"https:\/\/nmf.nu\/museum\/#website"},"primaryImageOfPage":{"@id":"https:\/\/nmf.nu\/museum\/funn\/gjenstander\/gjenstander-for-1537\/boltlas-stotlasnokkel-2\/#primaryimage"},"image":{"@id":"https:\/\/nmf.nu\/museum\/funn\/gjenstander\/gjenstander-for-1537\/boltlas-stotlasnokkel-2\/#primaryimage"},"thumbnailUrl":"https:\/\/nmf.nu\/museum\/wp-content\/uploads\/2015\/03\/N\u00f8kkel-vikingtid2.jpg","datePublished":"2015-03-27T18:37:18+00:00","dateModified":"2019-02-10T14:13:10+00:00","breadcrumb":{"@id":"https:\/\/nmf.nu\/museum\/funn\/gjenstander\/gjenstander-for-1537\/boltlas-stotlasnokkel-2\/#breadcrumb"},"inLanguage":"nb-NO","potentialAction":[{"@type":"ReadAction","target":["https:\/\/nmf.nu\/museum\/funn\/gjenstander\/gjenstander-for-1537\/boltlas-stotlasnokkel-2\/"]}]},{"@type":"ImageObject","inLanguage":"nb-NO","@id":"https:\/\/nmf.nu\/museum\/funn\/gjenstander\/gjenstander-for-1537\/boltlas-stotlasnokkel-2\/#primaryimage","url":"https:\/\/nmf.nu\/museum\/wp-content\/uploads\/2015\/03\/N\u00f8kkel-vikingtid2.jpg","contentUrl":"https:\/\/nmf.nu\/museum\/wp-content\/uploads\/2015\/03\/N\u00f8kkel-vikingtid2.jpg","width":632,"height":631,"caption":"vikingtid"},{"@type":"BreadcrumbList","@id":"https:\/\/nmf.nu\/museum\/funn\/gjenstander\/gjenstander-for-1537\/boltlas-stotlasnokkel-2\/#breadcrumb","itemListElement":[{"@type":"ListItem","position":1,"name":"Hjem","item":"https:\/\/nmf.nu\/museum\/"},{"@type":"ListItem","position":2,"name":"Funn","item":"https:\/\/nmf.nu\/museum\/shop\/"},{"@type":"ListItem","position":3,"name":"Boltl\u00e5s &#8211; st\u00f8tl\u00e5sn\u00f8kkel"}]},{"@type":"WebSite","@id":"https:\/\/nmf.nu\/museum\/#website","url":"https:\/\/nmf.nu\/museum\/","name":"Norges Metalls\u00f8kerforening | Museum","description":"Kulturvern med metalls\u00f8ker","potentialAction":[{"@type":"SearchAction","target":{"@type":"EntryPoint","urlTemplate":"https:\/\/nmf.nu\/museum\/?s={search_term_string}"},"query-input":{"@type":"PropertyValueSpecification","valueRequired":true,"valueName":"search_term_string"}}],"inLanguage":"nb-NO"}]}},"_links":{"self":[{"href":"https:\/\/nmf.nu\/museum\/wp-json\/wp\/v2\/product\/6804","targetHints":{"allow":["GET"]}}],"collection":[{"href":"https:\/\/nmf.nu\/museum\/wp-json\/wp\/v2\/product"}],"about":[{"href":"https:\/\/nmf.nu\/museum\/wp-json\/wp\/v2\/types\/product"}],"replies":[{"embeddable":true,"href":"https:\/\/nmf.nu\/museum\/wp-json\/wp\/v2\/comments?post=6804"}],"wp:featuredmedia":[{"embeddable":true,"href":"https:\/\/nmf.nu\/museum\/wp-json\/wp\/v2\/media\/6846"}],"wp:attachment":[{"href":"https:\/\/nmf.nu\/museum\/wp-json\/wp\/v2\/media?parent=6804"}],"wp:term":[{"taxonomy":"product_brand","embeddable":true,"href":"https:\/\/nmf.nu\/museum\/wp-json\/wp\/v2\/product_brand?post=6804"},{"taxonomy":"product_cat","embeddable":true,"href":"https:\/\/nmf.nu\/museum\/wp-json\/wp\/v2\/product_cat?post=6804"},{"taxonomy":"product_tag","embeddable":true,"href":"https:\/\/nmf.nu\/museum\/wp-json\/wp\/v2\/product_tag?post=6804"}],"curies":[{"name":"wp","href":"https:\/\/api.w.org\/{rel}","templated":true}]}}