{"id":208,"date":"2014-01-20T20:50:42","date_gmt":"2014-01-20T19:50:42","guid":{"rendered":"http:\/\/nmf.nu\/museum\/?page_id=208"},"modified":"2014-02-05T23:13:11","modified_gmt":"2014-02-05T22:13:11","slug":"ar-1066","status":"publish","type":"page","link":"https:\/\/nmf.nu\/museum\/ar-1066\/","title":{"rendered":"\u00c5r 1066"},"content":{"rendered":"<h3>Slaget ved Stamford Bridge utenfor York, England<\/h3>\n<p>av Harald Kjelstad<\/p>\n<p>25. september 1066 (julianske kalender) skjedde det en rekke hendelser som f\u00f8rte til et historisk skille og slutten p\u00e5 vikingetiden.<\/p>\n<p>Den norske kongen Harald Hardr\u00e5de invaderte England og beseiret flere armeer ved slaget ved Fulford og hadde f\u00e5tt kontroll p\u00e5 Englands nest viktigste by, York..<\/p>\n<div id=\"attachment_453\" style=\"width: 310px\" class=\"wp-caption alignleft\"><a href=\"https:\/\/nmf.nu\/museum\/wp-content\/uploads\/2014\/01\/slaget-stamford-PN-Arbo.jpg\"><img loading=\"lazy\" decoding=\"async\" aria-describedby=\"caption-attachment-453\" class=\"size-medium wp-image-453\" alt=\"Slaget ved Stamford Bridge. Maleri av P.N. Arbo\" src=\"https:\/\/nmf.nu\/museum\/wp-content\/uploads\/2014\/01\/slaget-stamford-PN-Arbo-300x182.jpg\" width=\"300\" height=\"182\" srcset=\"https:\/\/nmf.nu\/museum\/wp-content\/uploads\/2014\/01\/slaget-stamford-PN-Arbo-300x183.jpg 300w, https:\/\/nmf.nu\/museum\/wp-content\/uploads\/2014\/01\/slaget-stamford-PN-Arbo-500x304.jpg 500w, https:\/\/nmf.nu\/museum\/wp-content\/uploads\/2014\/01\/slaget-stamford-PN-Arbo.jpg 800w\" sizes=\"(max-width: 300px) 100vw, 300px\" \/><\/a><p id=\"caption-attachment-453\" class=\"wp-caption-text\">Slaget ved Stamford Bridge. Maleri av P.N. Arbo<\/p><\/div>\n<p>Slaget ved Stamford Bridge stod i landsbyen ved Stamford Bridge i Yorkshire i England den 25. september 1066 (juliansk kalender. 1. okt. 1066 gregoriansk kalender), mellom Kong Harold Godwinson og den norske kongen Harald Hardr\u00e5de (Haraldr Har\u00f0r\u00e1\u00f0i) og den engelske kongens bror, Tostig Godwinson. Etter en blodig og hard kamp, ble b\u00e5de Hardr\u00e5de og Tostig sammen med de fleste nordmennene drept.<\/p>\n<p>Til tross for at Harold Godwinson hadde sl\u00e5tt nordmennene, ble dessverre seieren kortlivet. I s\u00f8r var Wilhelm Erobreren klar til \u00e5 invadere England. Svekket etter slagene mot Hardr\u00e5de stod ikke Harold Godwinson sterkt mot Normannernes h\u00e6rer som var i god form, godt forsynt og overlegent bev\u00e6pnet. Han hadde ingen problemer med \u00e5 sl\u00e5 den engelske styrken.<\/p>\n<p>Etter dette ble spr\u00e5ket i England tilf\u00f8rt store mengder latin, som vi lett kjenner igjen i engelsken i dag, noe som gjorde at det spr\u00e5ket vi snakket likt med England beveget seg mer og mer vekk fra norse. I England ble det bygget store mengder monumentale bygninger med franskinspirert arkitektur og man hadde et utgangspunkt med et vokabular p\u00e5 ca 30000 ord i 1066 og blir tilf\u00f8rt 15000 nye ord av sine nye herrer med et spr\u00e5k med latinsk bakgrunn.<\/p>\n<p>Harald Hardr\u00e5de ble fraktet tilbake til Norge av sin s\u00f8nn, Olav og ble begravet i Trondheim.<\/p>\n<p><strong>1066 og Slagene ved Stamford Bridge blir ofte sett p\u00e5 som overgangen fra\u00a0vikingtiden\u00a0til middelalderen<\/strong>.<\/p>\n<p><em>Vikingtiden kan du lese mer om <a href=\"https:\/\/nmf.nu\/museum\/vikingtid\/\">her\u00a0<\/a><\/em><\/p>\n<p><em>Middelalderen kan du lese mer om <a href=\"https:\/\/nmf.nu\/museum\/middelalder\/\">her<\/a><\/em><\/p>\n<p>&nbsp;<\/p>\n","protected":false},"excerpt":{"rendered":"<p>Slaget ved Stamford Bridge utenfor York, England av Harald Kjelstad 25. september 1066 (julianske kalender) skjedde det en rekke hendelser som f\u00f8rte til et historisk skille og slutten p\u00e5 vikingetiden. Den norske kongen Harald Hardr\u00e5de invaderte England og beseiret flere armeer ved slaget ved Fulford og hadde f\u00e5tt kontroll p\u00e5 Englands nest viktigste by, York.. [&hellip;]<\/p>\n","protected":false},"author":1,"featured_media":0,"parent":0,"menu_order":0,"comment_status":"open","ping_status":"closed","template":"","meta":{"_acf_changed":false,"_et_pb_use_builder":"","_et_pb_old_content":"","_et_gb_content_width":"","footnotes":""},"class_list":["post-208","page","type-page","status-publish","hentry"],"acf":[],"yoast_head":"<!-- This site is optimized with the Yoast SEO plugin v27.4 - https:\/\/yoast.com\/product\/yoast-seo-wordpress\/ -->\n<title>\u00c5r 1066 - Norges Metalls\u00f8kerforening | Museum<\/title>\n<meta name=\"robots\" content=\"index, follow, max-snippet:-1, max-image-preview:large, max-video-preview:-1\" \/>\n<link rel=\"canonical\" href=\"https:\/\/nmf.nu\/museum\/ar-1066\/\" \/>\n<meta property=\"og:locale\" content=\"nb_NO\" \/>\n<meta property=\"og:type\" content=\"article\" \/>\n<meta property=\"og:title\" content=\"\u00c5r 1066 - Norges Metalls\u00f8kerforening | Museum\" \/>\n<meta property=\"og:description\" content=\"Slaget ved Stamford Bridge utenfor York, England av Harald Kjelstad 25. september 1066 (julianske kalender) skjedde det en rekke hendelser som f\u00f8rte til et historisk skille og slutten p\u00e5 vikingetiden. Den norske kongen Harald Hardr\u00e5de invaderte England og beseiret flere armeer ved slaget ved Fulford og hadde f\u00e5tt kontroll p\u00e5 Englands nest viktigste by, York.. [&hellip;]\" \/>\n<meta property=\"og:url\" content=\"https:\/\/nmf.nu\/museum\/ar-1066\/\" \/>\n<meta property=\"og:site_name\" content=\"Norges Metalls\u00f8kerforening | Museum\" \/>\n<meta property=\"article:publisher\" content=\"https:\/\/www.facebook.com\/groups\/480204098827134\/\" \/>\n<meta property=\"article:modified_time\" content=\"2014-02-05T22:13:11+00:00\" \/>\n<meta property=\"og:image\" content=\"https:\/\/nmf.nu\/museum\/wp-content\/uploads\/2014\/01\/slaget-stamford-PN-Arbo-300x182.jpg\" \/>\n<meta name=\"twitter:card\" content=\"summary_large_image\" \/>\n<meta name=\"twitter:label1\" content=\"Ansl. lesetid\" \/>\n\t<meta name=\"twitter:data1\" content=\"2 minutter\" \/>\n<script type=\"application\/ld+json\" class=\"yoast-schema-graph\">{\"@context\":\"https:\\\/\\\/schema.org\",\"@graph\":[{\"@type\":\"WebPage\",\"@id\":\"https:\\\/\\\/nmf.nu\\\/museum\\\/ar-1066\\\/\",\"url\":\"https:\\\/\\\/nmf.nu\\\/museum\\\/ar-1066\\\/\",\"name\":\"\u00c5r 1066 - Norges Metalls\u00f8kerforening | Museum\",\"isPartOf\":{\"@id\":\"https:\\\/\\\/nmf.nu\\\/museum\\\/#website\"},\"primaryImageOfPage\":{\"@id\":\"https:\\\/\\\/nmf.nu\\\/museum\\\/ar-1066\\\/#primaryimage\"},\"image\":{\"@id\":\"https:\\\/\\\/nmf.nu\\\/museum\\\/ar-1066\\\/#primaryimage\"},\"thumbnailUrl\":\"https:\\\/\\\/nmf.nu\\\/museum\\\/wp-content\\\/uploads\\\/2014\\\/01\\\/slaget-stamford-PN-Arbo-300x182.jpg\",\"datePublished\":\"2014-01-20T19:50:42+00:00\",\"dateModified\":\"2014-02-05T22:13:11+00:00\",\"breadcrumb\":{\"@id\":\"https:\\\/\\\/nmf.nu\\\/museum\\\/ar-1066\\\/#breadcrumb\"},\"inLanguage\":\"nb-NO\",\"potentialAction\":[{\"@type\":\"ReadAction\",\"target\":[\"https:\\\/\\\/nmf.nu\\\/museum\\\/ar-1066\\\/\"]}]},{\"@type\":\"ImageObject\",\"inLanguage\":\"nb-NO\",\"@id\":\"https:\\\/\\\/nmf.nu\\\/museum\\\/ar-1066\\\/#primaryimage\",\"url\":\"https:\\\/\\\/nmf.nu\\\/museum\\\/wp-content\\\/uploads\\\/2014\\\/01\\\/slaget-stamford-PN-Arbo.jpg\",\"contentUrl\":\"https:\\\/\\\/nmf.nu\\\/museum\\\/wp-content\\\/uploads\\\/2014\\\/01\\\/slaget-stamford-PN-Arbo.jpg\",\"width\":800,\"height\":487,\"caption\":\"Slaget ved Stamford Bridge. Maleri av P.N. Arbo\"},{\"@type\":\"BreadcrumbList\",\"@id\":\"https:\\\/\\\/nmf.nu\\\/museum\\\/ar-1066\\\/#breadcrumb\",\"itemListElement\":[{\"@type\":\"ListItem\",\"position\":1,\"name\":\"Hjem\",\"item\":\"https:\\\/\\\/nmf.nu\\\/museum\\\/\"},{\"@type\":\"ListItem\",\"position\":2,\"name\":\"\u00c5r 1066\"}]},{\"@type\":\"WebSite\",\"@id\":\"https:\\\/\\\/nmf.nu\\\/museum\\\/#website\",\"url\":\"https:\\\/\\\/nmf.nu\\\/museum\\\/\",\"name\":\"Norges Metalls\u00f8kerforening | Museum\",\"description\":\"Kulturvern med metalls\u00f8ker\",\"potentialAction\":[{\"@type\":\"SearchAction\",\"target\":{\"@type\":\"EntryPoint\",\"urlTemplate\":\"https:\\\/\\\/nmf.nu\\\/museum\\\/?s={search_term_string}\"},\"query-input\":{\"@type\":\"PropertyValueSpecification\",\"valueRequired\":true,\"valueName\":\"search_term_string\"}}],\"inLanguage\":\"nb-NO\"}]}<\/script>\n<!-- \/ Yoast SEO plugin. -->","yoast_head_json":{"title":"\u00c5r 1066 - Norges Metalls\u00f8kerforening | Museum","robots":{"index":"index","follow":"follow","max-snippet":"max-snippet:-1","max-image-preview":"max-image-preview:large","max-video-preview":"max-video-preview:-1"},"canonical":"https:\/\/nmf.nu\/museum\/ar-1066\/","og_locale":"nb_NO","og_type":"article","og_title":"\u00c5r 1066 - Norges Metalls\u00f8kerforening | Museum","og_description":"Slaget ved Stamford Bridge utenfor York, England av Harald Kjelstad 25. september 1066 (julianske kalender) skjedde det en rekke hendelser som f\u00f8rte til et historisk skille og slutten p\u00e5 vikingetiden. Den norske kongen Harald Hardr\u00e5de invaderte England og beseiret flere armeer ved slaget ved Fulford og hadde f\u00e5tt kontroll p\u00e5 Englands nest viktigste by, York.. [&hellip;]","og_url":"https:\/\/nmf.nu\/museum\/ar-1066\/","og_site_name":"Norges Metalls\u00f8kerforening | Museum","article_publisher":"https:\/\/www.facebook.com\/groups\/480204098827134\/","article_modified_time":"2014-02-05T22:13:11+00:00","og_image":[{"url":"https:\/\/nmf.nu\/museum\/wp-content\/uploads\/2014\/01\/slaget-stamford-PN-Arbo-300x182.jpg","type":"","width":"","height":""}],"twitter_card":"summary_large_image","twitter_misc":{"Ansl. lesetid":"2 minutter"},"schema":{"@context":"https:\/\/schema.org","@graph":[{"@type":"WebPage","@id":"https:\/\/nmf.nu\/museum\/ar-1066\/","url":"https:\/\/nmf.nu\/museum\/ar-1066\/","name":"\u00c5r 1066 - Norges Metalls\u00f8kerforening | Museum","isPartOf":{"@id":"https:\/\/nmf.nu\/museum\/#website"},"primaryImageOfPage":{"@id":"https:\/\/nmf.nu\/museum\/ar-1066\/#primaryimage"},"image":{"@id":"https:\/\/nmf.nu\/museum\/ar-1066\/#primaryimage"},"thumbnailUrl":"https:\/\/nmf.nu\/museum\/wp-content\/uploads\/2014\/01\/slaget-stamford-PN-Arbo-300x182.jpg","datePublished":"2014-01-20T19:50:42+00:00","dateModified":"2014-02-05T22:13:11+00:00","breadcrumb":{"@id":"https:\/\/nmf.nu\/museum\/ar-1066\/#breadcrumb"},"inLanguage":"nb-NO","potentialAction":[{"@type":"ReadAction","target":["https:\/\/nmf.nu\/museum\/ar-1066\/"]}]},{"@type":"ImageObject","inLanguage":"nb-NO","@id":"https:\/\/nmf.nu\/museum\/ar-1066\/#primaryimage","url":"https:\/\/nmf.nu\/museum\/wp-content\/uploads\/2014\/01\/slaget-stamford-PN-Arbo.jpg","contentUrl":"https:\/\/nmf.nu\/museum\/wp-content\/uploads\/2014\/01\/slaget-stamford-PN-Arbo.jpg","width":800,"height":487,"caption":"Slaget ved Stamford Bridge. Maleri av P.N. Arbo"},{"@type":"BreadcrumbList","@id":"https:\/\/nmf.nu\/museum\/ar-1066\/#breadcrumb","itemListElement":[{"@type":"ListItem","position":1,"name":"Hjem","item":"https:\/\/nmf.nu\/museum\/"},{"@type":"ListItem","position":2,"name":"\u00c5r 1066"}]},{"@type":"WebSite","@id":"https:\/\/nmf.nu\/museum\/#website","url":"https:\/\/nmf.nu\/museum\/","name":"Norges Metalls\u00f8kerforening | Museum","description":"Kulturvern med metalls\u00f8ker","potentialAction":[{"@type":"SearchAction","target":{"@type":"EntryPoint","urlTemplate":"https:\/\/nmf.nu\/museum\/?s={search_term_string}"},"query-input":{"@type":"PropertyValueSpecification","valueRequired":true,"valueName":"search_term_string"}}],"inLanguage":"nb-NO"}]}},"_links":{"self":[{"href":"https:\/\/nmf.nu\/museum\/wp-json\/wp\/v2\/pages\/208","targetHints":{"allow":["GET"]}}],"collection":[{"href":"https:\/\/nmf.nu\/museum\/wp-json\/wp\/v2\/pages"}],"about":[{"href":"https:\/\/nmf.nu\/museum\/wp-json\/wp\/v2\/types\/page"}],"author":[{"embeddable":true,"href":"https:\/\/nmf.nu\/museum\/wp-json\/wp\/v2\/users\/1"}],"replies":[{"embeddable":true,"href":"https:\/\/nmf.nu\/museum\/wp-json\/wp\/v2\/comments?post=208"}],"version-history":[{"count":0,"href":"https:\/\/nmf.nu\/museum\/wp-json\/wp\/v2\/pages\/208\/revisions"}],"wp:attachment":[{"href":"https:\/\/nmf.nu\/museum\/wp-json\/wp\/v2\/media?parent=208"}],"curies":[{"name":"wp","href":"https:\/\/api.w.org\/{rel}","templated":true}]}}