{"id":206,"date":"2014-01-20T20:49:36","date_gmt":"2014-01-20T19:49:36","guid":{"rendered":"http:\/\/nmf.nu\/museum\/?page_id=206"},"modified":"2014-02-05T23:11:40","modified_gmt":"2014-02-05T22:11:40","slug":"ar-1030","status":"publish","type":"page","link":"https:\/\/nmf.nu\/museum\/ar-1030\/","title":{"rendered":"\u00c5r 1030"},"content":{"rendered":"<h3>Slaget ved Stiklestad<\/h3>\n<p>av Harald Kjelstad<\/p>\n<p>Slaget ved Stiklestad den 29. juli 1030 er et av de mest kjente slagene i Norges historie. Her mistet kong Olav Haraldsson livet etter at han returnerte fra Russland for \u00e5 vinne kongeriket tilbake. Et \u00e5r etter sin d\u00f8d ble han<\/p>\n<div id=\"attachment_907\" style=\"width: 241px\" class=\"wp-caption alignleft\"><a href=\"https:\/\/nmf.nu\/museum\/wp-content\/uploads\/2014\/01\/579px-Olav_der_Heilige02.jpg\"><img loading=\"lazy\" decoding=\"async\" aria-describedby=\"caption-attachment-907\" class=\" wp-image-907 \" alt=\"Olav den Hellige d\u00f8r\" src=\"https:\/\/nmf.nu\/museum\/wp-content\/uploads\/2014\/01\/579px-Olav_der_Heilige02-289x300.jpg\" width=\"231\" height=\"240\" srcset=\"https:\/\/nmf.nu\/museum\/wp-content\/uploads\/2014\/01\/579px-Olav_der_Heilige02-289x300.jpg 289w, https:\/\/nmf.nu\/museum\/wp-content\/uploads\/2014\/01\/579px-Olav_der_Heilige02-500x517.jpg 500w, https:\/\/nmf.nu\/museum\/wp-content\/uploads\/2014\/01\/579px-Olav_der_Heilige02-300x310.jpg 300w, https:\/\/nmf.nu\/museum\/wp-content\/uploads\/2014\/01\/579px-Olav_der_Heilige02.jpg 579w\" sizes=\"(max-width: 231px) 100vw, 231px\" \/><\/a><p id=\"caption-attachment-907\" class=\"wp-caption-text\">Olav den Hellige d\u00f8r<\/p><\/div>\n<p>helgenerkl\u00e6rt, og slaget representerer i dag innf\u00f8ringen av kristendommen til Norge. Etter at han ble helgenerkl\u00e6rt ble han kalt Olav den Hellige.<\/p>\n<p>Tidlig p\u00e5 \u00e5ret i 1030 br\u00f8t Olav Haraldsson opp fra Russland for \u00e5 vinne kongeriket tilbake. P\u00e5 Stiklestad m\u00f8tte kongsh\u00e6ren den dobbelt s\u00e5 store Bondeh\u00e6ren fra Tr\u00f8ndelag og kysten nordover. Det var mest sannsynlig et kortvarig slag og kongen d\u00f8de tidlig p\u00e5 dagen av tre s\u00e5r. Han fikk f\u00f8rst et \u00f8ksehogg som gjorde alvorlig skade. Da lente kongen seg mot en stein og kastet sverdet. Tore Hund og Kalv Arneson, som var h\u00f8vdinger i bondeh\u00e6ren, p\u00e5f\u00f8rte han de to andre s\u00e5rene med \u00f8ks og spyd.<\/p>\n<p>Det er mye litteratur rundt dette slaget, men det er likevel f\u00e5 kilder og de er preget av legender, noe som gj\u00f8r det vanskelig \u00e5 rekonstruere slaget. I dag er det enda mer h\u00e5pl\u00f8st \u00e5 p\u00e5vise slagstedet p\u00e5 Stiklestad i Verdal kommune, da landskapet har endret seg p\u00e5 grunn av \u00a0bl.a. ras.<\/p>\n<p>Slaget p\u00e5 Stiklestad ble et symbolsk vendepunkt b\u00e5de for kristendom og konged\u00f8mme. Etter 1030 var det ikke veldig stor motstand mot kristendommen, og Norge ble en del av den kristne europeiske kulturkretsen.<\/p>\n<div id=\"attachment_909\" style=\"width: 310px\" class=\"wp-caption aligncenter\"><a href=\"https:\/\/nmf.nu\/museum\/wp-content\/uploads\/2014\/01\/800px-Stiklestad.jpeg\"><img loading=\"lazy\" decoding=\"async\" aria-describedby=\"caption-attachment-909\" class=\"size-medium wp-image-909\" alt=\"Olav den Helliges d\u00f8d. Maleri av Peter Nicolai Arbo\" src=\"https:\/\/nmf.nu\/museum\/wp-content\/uploads\/2014\/01\/800px-Stiklestad-300x198.jpeg\" width=\"300\" height=\"198\" srcset=\"https:\/\/nmf.nu\/museum\/wp-content\/uploads\/2014\/01\/800px-Stiklestad-300x198.jpeg 300w, https:\/\/nmf.nu\/museum\/wp-content\/uploads\/2014\/01\/800px-Stiklestad-500x331.jpeg 500w, https:\/\/nmf.nu\/museum\/wp-content\/uploads\/2014\/01\/800px-Stiklestad.jpeg 800w\" sizes=\"(max-width: 300px) 100vw, 300px\" \/><\/a><p id=\"caption-attachment-909\" class=\"wp-caption-text\">Olav den Helliges d\u00f8d. Maleri av Peter Nicolai Arbo<\/p><\/div>\n","protected":false},"excerpt":{"rendered":"<p>Slaget ved Stiklestad av Harald Kjelstad Slaget ved Stiklestad den 29. juli 1030 er et av de mest kjente slagene i Norges historie. Her mistet kong Olav Haraldsson livet etter at han returnerte fra Russland for \u00e5 vinne kongeriket tilbake. Et \u00e5r etter sin d\u00f8d ble han helgenerkl\u00e6rt, og slaget representerer i dag innf\u00f8ringen av [&hellip;]<\/p>\n","protected":false},"author":1,"featured_media":0,"parent":0,"menu_order":0,"comment_status":"open","ping_status":"closed","template":"","meta":{"_acf_changed":false,"_et_pb_use_builder":"","_et_pb_old_content":"","_et_gb_content_width":"","footnotes":""},"class_list":["post-206","page","type-page","status-publish","hentry"],"acf":[],"yoast_head":"<!-- This site is optimized with the Yoast SEO plugin v27.5 - https:\/\/yoast.com\/product\/yoast-seo-wordpress\/ -->\n<title>\u00c5r 1030 - Norges Metalls\u00f8kerforening | Museum<\/title>\n<meta name=\"robots\" content=\"index, follow, max-snippet:-1, max-image-preview:large, max-video-preview:-1\" \/>\n<link rel=\"canonical\" href=\"https:\/\/nmf.nu\/museum\/ar-1030\/\" \/>\n<meta property=\"og:locale\" content=\"nb_NO\" \/>\n<meta property=\"og:type\" content=\"article\" \/>\n<meta property=\"og:title\" content=\"\u00c5r 1030 - Norges Metalls\u00f8kerforening | Museum\" \/>\n<meta property=\"og:description\" content=\"Slaget ved Stiklestad av Harald Kjelstad Slaget ved Stiklestad den 29. juli 1030 er et av de mest kjente slagene i Norges historie. Her mistet kong Olav Haraldsson livet etter at han returnerte fra Russland for \u00e5 vinne kongeriket tilbake. Et \u00e5r etter sin d\u00f8d ble han helgenerkl\u00e6rt, og slaget representerer i dag innf\u00f8ringen av [&hellip;]\" \/>\n<meta property=\"og:url\" content=\"https:\/\/nmf.nu\/museum\/ar-1030\/\" \/>\n<meta property=\"og:site_name\" content=\"Norges Metalls\u00f8kerforening | Museum\" \/>\n<meta property=\"article:publisher\" content=\"https:\/\/www.facebook.com\/groups\/480204098827134\/\" \/>\n<meta property=\"article:modified_time\" content=\"2014-02-05T22:11:40+00:00\" \/>\n<meta property=\"og:image\" content=\"https:\/\/nmf.nu\/museum\/wp-content\/uploads\/2014\/01\/579px-Olav_der_Heilige02-289x300.jpg\" \/>\n<meta name=\"twitter:card\" content=\"summary_large_image\" \/>\n<meta name=\"twitter:label1\" content=\"Ansl. lesetid\" \/>\n\t<meta name=\"twitter:data1\" content=\"1 minutt\" \/>\n<script type=\"application\/ld+json\" class=\"yoast-schema-graph\">{\"@context\":\"https:\\\/\\\/schema.org\",\"@graph\":[{\"@type\":\"WebPage\",\"@id\":\"https:\\\/\\\/nmf.nu\\\/museum\\\/ar-1030\\\/\",\"url\":\"https:\\\/\\\/nmf.nu\\\/museum\\\/ar-1030\\\/\",\"name\":\"\u00c5r 1030 - Norges Metalls\u00f8kerforening | Museum\",\"isPartOf\":{\"@id\":\"https:\\\/\\\/nmf.nu\\\/museum\\\/#website\"},\"primaryImageOfPage\":{\"@id\":\"https:\\\/\\\/nmf.nu\\\/museum\\\/ar-1030\\\/#primaryimage\"},\"image\":{\"@id\":\"https:\\\/\\\/nmf.nu\\\/museum\\\/ar-1030\\\/#primaryimage\"},\"thumbnailUrl\":\"https:\\\/\\\/nmf.nu\\\/museum\\\/wp-content\\\/uploads\\\/2014\\\/01\\\/579px-Olav_der_Heilige02-289x300.jpg\",\"datePublished\":\"2014-01-20T19:49:36+00:00\",\"dateModified\":\"2014-02-05T22:11:40+00:00\",\"breadcrumb\":{\"@id\":\"https:\\\/\\\/nmf.nu\\\/museum\\\/ar-1030\\\/#breadcrumb\"},\"inLanguage\":\"nb-NO\",\"potentialAction\":[{\"@type\":\"ReadAction\",\"target\":[\"https:\\\/\\\/nmf.nu\\\/museum\\\/ar-1030\\\/\"]}]},{\"@type\":\"ImageObject\",\"inLanguage\":\"nb-NO\",\"@id\":\"https:\\\/\\\/nmf.nu\\\/museum\\\/ar-1030\\\/#primaryimage\",\"url\":\"https:\\\/\\\/nmf.nu\\\/museum\\\/wp-content\\\/uploads\\\/2014\\\/01\\\/579px-Olav_der_Heilige02.jpg\",\"contentUrl\":\"https:\\\/\\\/nmf.nu\\\/museum\\\/wp-content\\\/uploads\\\/2014\\\/01\\\/579px-Olav_der_Heilige02.jpg\",\"width\":579,\"height\":599,\"caption\":\"Olav den Hellige d\u00f8r\"},{\"@type\":\"BreadcrumbList\",\"@id\":\"https:\\\/\\\/nmf.nu\\\/museum\\\/ar-1030\\\/#breadcrumb\",\"itemListElement\":[{\"@type\":\"ListItem\",\"position\":1,\"name\":\"Hjem\",\"item\":\"https:\\\/\\\/nmf.nu\\\/museum\\\/\"},{\"@type\":\"ListItem\",\"position\":2,\"name\":\"\u00c5r 1030\"}]},{\"@type\":\"WebSite\",\"@id\":\"https:\\\/\\\/nmf.nu\\\/museum\\\/#website\",\"url\":\"https:\\\/\\\/nmf.nu\\\/museum\\\/\",\"name\":\"Norges Metalls\u00f8kerforening | Museum\",\"description\":\"Kulturvern med metalls\u00f8ker\",\"potentialAction\":[{\"@type\":\"SearchAction\",\"target\":{\"@type\":\"EntryPoint\",\"urlTemplate\":\"https:\\\/\\\/nmf.nu\\\/museum\\\/?s={search_term_string}\"},\"query-input\":{\"@type\":\"PropertyValueSpecification\",\"valueRequired\":true,\"valueName\":\"search_term_string\"}}],\"inLanguage\":\"nb-NO\"}]}<\/script>\n<!-- \/ Yoast SEO plugin. -->","yoast_head_json":{"title":"\u00c5r 1030 - Norges Metalls\u00f8kerforening | Museum","robots":{"index":"index","follow":"follow","max-snippet":"max-snippet:-1","max-image-preview":"max-image-preview:large","max-video-preview":"max-video-preview:-1"},"canonical":"https:\/\/nmf.nu\/museum\/ar-1030\/","og_locale":"nb_NO","og_type":"article","og_title":"\u00c5r 1030 - Norges Metalls\u00f8kerforening | Museum","og_description":"Slaget ved Stiklestad av Harald Kjelstad Slaget ved Stiklestad den 29. juli 1030 er et av de mest kjente slagene i Norges historie. Her mistet kong Olav Haraldsson livet etter at han returnerte fra Russland for \u00e5 vinne kongeriket tilbake. Et \u00e5r etter sin d\u00f8d ble han helgenerkl\u00e6rt, og slaget representerer i dag innf\u00f8ringen av [&hellip;]","og_url":"https:\/\/nmf.nu\/museum\/ar-1030\/","og_site_name":"Norges Metalls\u00f8kerforening | Museum","article_publisher":"https:\/\/www.facebook.com\/groups\/480204098827134\/","article_modified_time":"2014-02-05T22:11:40+00:00","og_image":[{"url":"https:\/\/nmf.nu\/museum\/wp-content\/uploads\/2014\/01\/579px-Olav_der_Heilige02-289x300.jpg","type":"","width":"","height":""}],"twitter_card":"summary_large_image","twitter_misc":{"Ansl. lesetid":"1 minutt"},"schema":{"@context":"https:\/\/schema.org","@graph":[{"@type":"WebPage","@id":"https:\/\/nmf.nu\/museum\/ar-1030\/","url":"https:\/\/nmf.nu\/museum\/ar-1030\/","name":"\u00c5r 1030 - Norges Metalls\u00f8kerforening | Museum","isPartOf":{"@id":"https:\/\/nmf.nu\/museum\/#website"},"primaryImageOfPage":{"@id":"https:\/\/nmf.nu\/museum\/ar-1030\/#primaryimage"},"image":{"@id":"https:\/\/nmf.nu\/museum\/ar-1030\/#primaryimage"},"thumbnailUrl":"https:\/\/nmf.nu\/museum\/wp-content\/uploads\/2014\/01\/579px-Olav_der_Heilige02-289x300.jpg","datePublished":"2014-01-20T19:49:36+00:00","dateModified":"2014-02-05T22:11:40+00:00","breadcrumb":{"@id":"https:\/\/nmf.nu\/museum\/ar-1030\/#breadcrumb"},"inLanguage":"nb-NO","potentialAction":[{"@type":"ReadAction","target":["https:\/\/nmf.nu\/museum\/ar-1030\/"]}]},{"@type":"ImageObject","inLanguage":"nb-NO","@id":"https:\/\/nmf.nu\/museum\/ar-1030\/#primaryimage","url":"https:\/\/nmf.nu\/museum\/wp-content\/uploads\/2014\/01\/579px-Olav_der_Heilige02.jpg","contentUrl":"https:\/\/nmf.nu\/museum\/wp-content\/uploads\/2014\/01\/579px-Olav_der_Heilige02.jpg","width":579,"height":599,"caption":"Olav den Hellige d\u00f8r"},{"@type":"BreadcrumbList","@id":"https:\/\/nmf.nu\/museum\/ar-1030\/#breadcrumb","itemListElement":[{"@type":"ListItem","position":1,"name":"Hjem","item":"https:\/\/nmf.nu\/museum\/"},{"@type":"ListItem","position":2,"name":"\u00c5r 1030"}]},{"@type":"WebSite","@id":"https:\/\/nmf.nu\/museum\/#website","url":"https:\/\/nmf.nu\/museum\/","name":"Norges Metalls\u00f8kerforening | Museum","description":"Kulturvern med metalls\u00f8ker","potentialAction":[{"@type":"SearchAction","target":{"@type":"EntryPoint","urlTemplate":"https:\/\/nmf.nu\/museum\/?s={search_term_string}"},"query-input":{"@type":"PropertyValueSpecification","valueRequired":true,"valueName":"search_term_string"}}],"inLanguage":"nb-NO"}]}},"_links":{"self":[{"href":"https:\/\/nmf.nu\/museum\/wp-json\/wp\/v2\/pages\/206","targetHints":{"allow":["GET"]}}],"collection":[{"href":"https:\/\/nmf.nu\/museum\/wp-json\/wp\/v2\/pages"}],"about":[{"href":"https:\/\/nmf.nu\/museum\/wp-json\/wp\/v2\/types\/page"}],"author":[{"embeddable":true,"href":"https:\/\/nmf.nu\/museum\/wp-json\/wp\/v2\/users\/1"}],"replies":[{"embeddable":true,"href":"https:\/\/nmf.nu\/museum\/wp-json\/wp\/v2\/comments?post=206"}],"version-history":[{"count":0,"href":"https:\/\/nmf.nu\/museum\/wp-json\/wp\/v2\/pages\/206\/revisions"}],"wp:attachment":[{"href":"https:\/\/nmf.nu\/museum\/wp-json\/wp\/v2\/media?parent=206"}],"curies":[{"name":"wp","href":"https:\/\/api.w.org\/{rel}","templated":true}]}}